{"id":263,"date":"2025-02-08T12:59:20","date_gmt":"2025-02-08T11:59:20","guid":{"rendered":"http:\/\/kirschke-baumschulen.de\/?page_id=263"},"modified":"2026-03-21T12:51:52","modified_gmt":"2026-03-21T11:51:52","slug":"jobs","status":"publish","type":"page","link":"https:\/\/kirschke-baumschulen.de\/?page_id=263","title":{"rendered":"Jobs"},"content":{"rendered":"\n<div class=\"wp-block-columns\">\n<div class=\"wp-block-column\">\n<h2><strong>&#x1f333; Werde Teil unseres Teams in der Baumschule!<\/strong><\/h2>\n\n\n\n<p>&#x1f331;Arbeiten im Gr\u00fcnen \u2013 Dein neuer Job wartet auf dich!<br>M\u00f6chtest du an der frischen Luft arbeiten, etwas mit deinen H\u00e4nden schaffen und mit der Natur verbunden sein? Unsere Baumschule sucht motivierte Mitarbeiter\/innen (m\/w\/d), die Lust haben, Teil eines internationalen Teams zu werden. Egal ob mit oder ohne Erfahrung \u2013 wir freuen uns auf dich!<\/p>\n\n\n\n<p><br><strong>Was dich erwartet:<\/strong><br>&#x1f33f; Abwechslung pur: Pflanzenpflege, Pflanzen schneiden, Umtopfen, Verpacken und vieles mehr<br>&#x1f333; Arbeit in der Natur: Dein \u201eB\u00fcro\u201c ist die frische Luft \u2013 ob bei Sonne oder leichtem Regen<br>&#x1f69c; Action und Technik: Arbeiten mit Ger\u00e4ten und Maschinen<br>&#x1f4e6; Teamwork: Gemeinsam sorgen wir daf\u00fcr, dass unsere Pflanzen bereit f\u00fcr den Versand oder Verkauf sind.<\/p>\n\n\n\n<p><strong>Was du mitbringst:<\/strong><br>&#x1f4aa; Energie und Motivation: Du packst gerne mit an und bist k\u00f6rperlich fit<br>&#x1f30e; International willkommen: Grundkenntnisse in Deutsch oder Englisch sind hilfreich, aber keine Bedingung<br>&#x1f91d; Teamgeist: Du arbeitest gerne mit anderen zusammen und bist zuverl\u00e4ssig<br>&#x1f331; Offenheit: Auch ohne Erfahrung \u2013 wir zeigen dir alles, was du wissen musst!<\/p>\n<\/div>\n\n\n\n<div class=\"wp-block-column\">\n<h2>&#x1f33f; Ferienjob f\u00fcr Sch\u00fcler (m\/w\/d)<\/h2>\n\n\n\n<p><br>&#x1f331; Arbeiten im Gr\u00fcnen \u2013 Ferienjob statt Langeweile!<br>Du hast in den Ferien Zeit und m\u00f6chtest dir etwas dazuverdienen?M\u00f6chtest du an der frischen Luft arbeiten, etwas mit deinen H\u00e4nden schaffen und mit der Natur verbunden sein?Dann bist du bei uns genau richtig!<br>Unsere Baumschule bietet Sch\u00fclern (unter 18 Jahren) die M\u00f6glichkeit, in den Ferien bei uns mitzuarbeiten. Egal ob erste Erfahrung oder nicht \u2013 wir freuen uns auf dich!<\/p>\n\n\n\n<p><br><strong>Was dich erwartet:<\/strong><br>&#x1f33f; Abwechslung pur: Unterst\u00fctzung bei der Pflanzenpflege, einfachen Arbeiten und im t\u00e4glichen Ablauf&#x1f333; Arbeit in der Natur: Dein \u201eArbeitsplatz\u201c ist drau\u00dfen,  bei Sonne und frischer Luft&#x1f6e0;&#xfe0f; Anpacken: Du hilfst dort, wo gerade Unterst\u00fctzung gebraucht wird&#x1f91d; Teamwork: Gemeinsam sorgen wir daf\u00fcr, dass alles l\u00e4uft<\/p>\n\n\n\n<p><br><strong>Was du mitbringst:<\/strong><br>&#x1f4aa; Motivation: Du hast Lust mit anzupacken &#x1f331; Interesse: Freude an Natur und Pflanzen&#x1f91d; Zuverl\u00e4ssigkeit: Auf dich kann man sich verlassen<\/p>\n\n\n\n<p><br><strong>Das bieten wir dir:<\/strong><br>&#x1f33f; Ein freundliches, famili\u00e4res Team&#x1f331; Einen Einblick in den Alltag einer Baumschule&#x1f4c5; Flexible Einsatzm\u00f6glichkeiten in den Ferien<br>&#x1f4e9; Interesse? Dann melde dich einfach per E-Mail bei uns:<\/p>\n<\/div>\n<\/div>\n\n\n\n<div class=\"wp-block-buttons aligncenter\">\n<div class=\"wp-block-button\"><a class=\"wp-block-button__link\" href=\"mailto.info@kirschke-baumschulen.de\">Jetzt Bewerben<\/a><\/div>\n<\/div>\n\n\n\n<p><\/p>\n","protected":false},"excerpt":{"rendered":"<p>&#x1f333; Werde Teil unseres Teams in der Baumschule! &#x1f331;Arbeiten im Gr\u00fcnen \u2013 Dein neuer Job wartet auf dich!M\u00f6chtest du an [&hellip;]<\/p>\n","protected":false},"author":1,"featured_media":0,"parent":0,"menu_order":0,"comment_status":"closed","ping_status":"closed","template":"","meta":{"site-sidebar-layout":"default","site-content-layout":"","ast-site-content-layout":"default","site-content-style":"default","site-sidebar-style":"default","ast-global-header-display":"","ast-banner-title-visibility":"","ast-main-header-display":"","ast-hfb-above-header-display":"","ast-hfb-below-header-display":"","ast-hfb-mobile-header-display":"","site-post-title":"","ast-breadcrumbs-content":"","ast-featured-img":"","footer-sml-layout":"","ast-disable-related-posts":"","theme-transparent-header-meta":"","adv-header-id-meta":"","stick-header-meta":"","header-above-stick-meta":"","header-main-stick-meta":"","header-below-stick-meta":"","astra-migrate-meta-layouts":"default","ast-page-background-enabled":"default","ast-page-background-meta":{"desktop":{"background-color":"var(--ast-global-color-5)","background-image":"","background-repeat":"repeat","background-position":"center center","background-size":"auto","background-attachment":"scroll","background-type":"","background-media":"","overlay-type":"","overlay-color":"","overlay-opacity":"","overlay-gradient":""},"tablet":{"background-color":"","background-image":"","background-repeat":"repeat","background-position":"center center","background-size":"auto","background-attachment":"scroll","background-type":"","background-media":"","overlay-type":"","overlay-color":"","overlay-opacity":"","overlay-gradient":""},"mobile":{"background-color":"","background-image":"","background-repeat":"repeat","background-position":"center center","background-size":"auto","background-attachment":"scroll","background-type":"","background-media":"","overlay-type":"","overlay-color":"","overlay-opacity":"","overlay-gradient":""}},"ast-content-background-meta":{"desktop":{"background-color":"var(--ast-global-color-4)","background-image":"","background-repeat":"repeat","background-position":"center center","background-size":"auto","background-attachment":"scroll","background-type":"","background-media":"","overlay-type":"","overlay-color":"","overlay-opacity":"","overlay-gradient":""},"tablet":{"background-color":"var(--ast-global-color-4)","background-image":"","background-repeat":"repeat","background-position":"center center","background-size":"auto","background-attachment":"scroll","background-type":"","background-media":"","overlay-type":"","overlay-color":"","overlay-opacity":"","overlay-gradient":""},"mobile":{"background-color":"var(--ast-global-color-4)","background-image":"","background-repeat":"repeat","background-position":"center center","background-size":"auto","background-attachment":"scroll","background-type":"","background-media":"","overlay-type":"","overlay-color":"","overlay-opacity":"","overlay-gradient":""}}},"_links":{"self":[{"href":"https:\/\/kirschke-baumschulen.de\/index.php?rest_route=\/wp\/v2\/pages\/263"}],"collection":[{"href":"https:\/\/kirschke-baumschulen.de\/index.php?rest_route=\/wp\/v2\/pages"}],"about":[{"href":"https:\/\/kirschke-baumschulen.de\/index.php?rest_route=\/wp\/v2\/types\/page"}],"author":[{"embeddable":true,"href":"https:\/\/kirschke-baumschulen.de\/index.php?rest_route=\/wp\/v2\/users\/1"}],"replies":[{"embeddable":true,"href":"https:\/\/kirschke-baumschulen.de\/index.php?rest_route=%2Fwp%2Fv2%2Fcomments&post=263"}],"version-history":[{"count":5,"href":"https:\/\/kirschke-baumschulen.de\/index.php?rest_route=\/wp\/v2\/pages\/263\/revisions"}],"predecessor-version":[{"id":367,"href":"https:\/\/kirschke-baumschulen.de\/index.php?rest_route=\/wp\/v2\/pages\/263\/revisions\/367"}],"wp:attachment":[{"href":"https:\/\/kirschke-baumschulen.de\/index.php?rest_route=%2Fwp%2Fv2%2Fmedia&parent=263"}],"curies":[{"name":"wp","href":"https:\/\/api.w.org\/{rel}","templated":true}]}}