{"id":18,"date":"2019-02-21T17:32:44","date_gmt":"2019-02-21T16:32:44","guid":{"rendered":"http:\/\/kirschke-baumschulen.de\/?page_id=18"},"modified":"2026-03-21T13:07:36","modified_gmt":"2026-03-21T12:07:36","slug":"kirschke-baumschulen-home","status":"publish","type":"page","link":"https:\/\/kirschke-baumschulen.de\/","title":{"rendered":"Start"},"content":{"rendered":"\n<p><\/p>\n\n\n\n<p><\/p>\n\n\n\n<p><\/p>\n\n\n\n<h2 class=\"has-text-align-center\">Baumschule f\u00fcr den Fachhandel <\/h2>\n\n\n\n<h2 class=\"has-text-align-center\">Qualit\u00e4t seit \u00fcber 50 Jahren <\/h2>\n\n\n\n<p class=\"has-text-align-center has-medium-font-size\">Ihr Partner f\u00fcr Handelsfirmen, Gartencenter &amp; Onlineshops<\/p>\n\n\n\n<div class=\"wp-block-buttons aligncenter\">\n<div class=\"wp-block-button\"><a class=\"wp-block-button__link\">Anfrage senden<\/a><\/div>\n<\/div>\n\n\n\n<div class=\"wp-block-image\"><figure class=\"aligncenter size-large\"><img loading=\"lazy\" width=\"1024\" height=\"683\" src=\"https:\/\/kirschke-baumschulen.de\/wp-content\/uploads\/2026\/03\/B093128405-luftbild-2006-1024x683.jpg\" alt=\"\" class=\"wp-image-269\" srcset=\"https:\/\/kirschke-baumschulen.de\/wp-content\/uploads\/2026\/03\/B093128405-luftbild-2006-1024x683.jpg 1024w, https:\/\/kirschke-baumschulen.de\/wp-content\/uploads\/2026\/03\/B093128405-luftbild-2006-300x200.jpg 300w, https:\/\/kirschke-baumschulen.de\/wp-content\/uploads\/2026\/03\/B093128405-luftbild-2006-768x512.jpg 768w, https:\/\/kirschke-baumschulen.de\/wp-content\/uploads\/2026\/03\/B093128405-luftbild-2006-1536x1024.jpg 1536w, https:\/\/kirschke-baumschulen.de\/wp-content\/uploads\/2026\/03\/B093128405-luftbild-2006-2048x1365.jpg 2048w\" sizes=\"(max-width: 1024px) 100vw, 1024px\" \/><\/figure><\/div>\n\n\n\n<p class=\"has-text-align-center\"><\/p>\n\n\n\n<div class=\"wp-block-columns\">\n<div class=\"wp-block-column\">\n<h1 class=\"has-text-align-center\"><strong>Breites Sortiment<\/strong><\/h1>\n\n\n\n<p class=\"has-text-align-center has-medium-font-size\">Von der eigenen Vermehrung bis zur Solit\u00e4rpflanze<\/p>\n\n\n\n<p><\/p>\n<\/div>\n\n\n\n<div class=\"wp-block-column\">\n<h1 class=\"has-text-align-center\"><strong>Erfahrung &amp; Qualit\u00e4t<\/strong><\/h1>\n\n\n\n<p class=\"has-text-align-center has-medium-font-size\">\u00dcber 50 Jahre Baumschulerfahrung in dritter Generation<\/p>\n<\/div>\n\n\n\n<div class=\"wp-block-column\">\n<h1 class=\"has-text-align-center\"><strong>Zuverl\u00e4ssige Lieferung<\/strong><\/h1>\n\n\n\n<p class=\"has-text-align-center has-medium-font-size\">Termingerechte und europaweit verf\u00fcgbar<\/p>\n<\/div>\n<\/div>\n\n\n\n<p><\/p>\n","protected":false},"excerpt":{"rendered":"<p>Baumschule f\u00fcr den Fachhandel Qualit\u00e4t seit \u00fcber 50 Jahren Ihr Partner f\u00fcr Handelsfirmen, Gartencenter &amp; Onlineshops Breites Sortiment Von der [&hellip;]<\/p>\n","protected":false},"author":1,"featured_media":0,"parent":0,"menu_order":1,"comment_status":"closed","ping_status":"closed","template":"","meta":{"site-sidebar-layout":"default","site-content-layout":"","ast-site-content-layout":"default","site-content-style":"default","site-sidebar-style":"default","ast-global-header-display":"","ast-banner-title-visibility":"","ast-main-header-display":"","ast-hfb-above-header-display":"","ast-hfb-below-header-display":"","ast-hfb-mobile-header-display":"","site-post-title":"disabled","ast-breadcrumbs-content":"","ast-featured-img":"","footer-sml-layout":"","ast-disable-related-posts":"","theme-transparent-header-meta":"","adv-header-id-meta":"","stick-header-meta":"","header-above-stick-meta":"","header-main-stick-meta":"","header-below-stick-meta":"","astra-migrate-meta-layouts":"default","ast-page-background-enabled":"default","ast-page-background-meta":{"desktop":{"background-color":"var(--ast-global-color-5)","background-image":"","background-repeat":"repeat","background-position":"center center","background-size":"auto","background-attachment":"scroll","background-type":"","background-media":"","overlay-type":"","overlay-color":"","overlay-opacity":"","overlay-gradient":""},"tablet":{"background-color":"","background-image":"","background-repeat":"repeat","background-position":"center center","background-size":"auto","background-attachment":"scroll","background-type":"","background-media":"","overlay-type":"","overlay-color":"","overlay-opacity":"","overlay-gradient":""},"mobile":{"background-color":"","background-image":"","background-repeat":"repeat","background-position":"center center","background-size":"auto","background-attachment":"scroll","background-type":"","background-media":"","overlay-type":"","overlay-color":"","overlay-opacity":"","overlay-gradient":""}},"ast-content-background-meta":{"desktop":{"background-color":"var(--ast-global-color-4)","background-image":"","background-repeat":"repeat","background-position":"center center","background-size":"auto","background-attachment":"scroll","background-type":"","background-media":"","overlay-type":"","overlay-color":"","overlay-opacity":"","overlay-gradient":""},"tablet":{"background-color":"var(--ast-global-color-4)","background-image":"","background-repeat":"repeat","background-position":"center center","background-size":"auto","background-attachment":"scroll","background-type":"","background-media":"","overlay-type":"","overlay-color":"","overlay-opacity":"","overlay-gradient":""},"mobile":{"background-color":"var(--ast-global-color-4)","background-image":"","background-repeat":"repeat","background-position":"center center","background-size":"auto","background-attachment":"scroll","background-type":"","background-media":"","overlay-type":"","overlay-color":"","overlay-opacity":"","overlay-gradient":""}}},"_links":{"self":[{"href":"https:\/\/kirschke-baumschulen.de\/index.php?rest_route=\/wp\/v2\/pages\/18"}],"collection":[{"href":"https:\/\/kirschke-baumschulen.de\/index.php?rest_route=\/wp\/v2\/pages"}],"about":[{"href":"https:\/\/kirschke-baumschulen.de\/index.php?rest_route=\/wp\/v2\/types\/page"}],"author":[{"embeddable":true,"href":"https:\/\/kirschke-baumschulen.de\/index.php?rest_route=\/wp\/v2\/users\/1"}],"replies":[{"embeddable":true,"href":"https:\/\/kirschke-baumschulen.de\/index.php?rest_route=%2Fwp%2Fv2%2Fcomments&post=18"}],"version-history":[{"count":25,"href":"https:\/\/kirschke-baumschulen.de\/index.php?rest_route=\/wp\/v2\/pages\/18\/revisions"}],"predecessor-version":[{"id":374,"href":"https:\/\/kirschke-baumschulen.de\/index.php?rest_route=\/wp\/v2\/pages\/18\/revisions\/374"}],"wp:attachment":[{"href":"https:\/\/kirschke-baumschulen.de\/index.php?rest_route=%2Fwp%2Fv2%2Fmedia&parent=18"}],"curies":[{"name":"wp","href":"https:\/\/api.w.org\/{rel}","templated":true}]}}